 the prime factors of k?
2, 257
Let d(p) = -p**2 - p. Let o be d(-1). Suppose 1078*r - 1068*r - 20 = 0. Suppose o = y - r*y + 68. What are the prime factors of y?
2, 17
Suppose -834 = -2*h - 2*k, -8*h + 837 = -6*h + k. Suppose -3*q - r - h = -7*q, -q + 105 = r. List the prime factors of q.
3, 5, 7
Let w = -64 + 70. Let g be w/((-1)/3 + (-14)/(-6)). Suppose -a + 5*p = 32 - 225, -3*a = g*p - 669. What are the prime factors of a?
2, 109
Suppose 2*z - 4*n - 16 = -0*z, -3*n - 19 = -5*z. Suppose z = -6*q + 7*q. What are the prime factors of q/((-6)/(-95))*3?
5, 19
Let c = 55 + -53. Suppose 2*t - c*w = 6*t - 2346, 5*t = 3*w + 2960. List the prime factors of t.
19, 31
Let m = -77 - -82. Suppose -m*g + 1602 = -2358. What are the prime factors of g?
2, 3, 11
Let t(r) = 13*r**2 + 5*r - 7. Suppose -11*o + 5*o = -6. Suppose -i + 2*b + 2*b = -o, 5*i + 4*b + 19 = 0. What are the prime factors of t(i)?
5, 19
Let i(v) = 59*v**2 + 21*v - 35. Let g be i(7). Let k = -2111 + g. List the prime factors of k.
2, 223
Let l(q) be the second derivative of -q**5/20 + q**4/6 + 5*q**3/6 + q**2/2 - 55*q - 1. What are the prime factors of l(-5)?
151
Let z = 2793 + -1973. Suppose -3*x + 251 + 235 = 3*r, 5*r + 3*x - z = 0. What are the prime factors of r?
167
Suppose 4*g = p + 351, -2*p + 4*p - 168 = -2*g. Let j = 260 - g. What are the prime factors of j?
173
Suppose 627*w = 634*w - 32340. Suppose -1343*a + 1349*a = w. List the prime factors of a.
2, 5, 7, 11
List the prime factors of 14 + 2 + -6 + 6255.
5, 7, 179
Let r = 76685 - 45057. List the prime factors of r.
2, 7907
List the prime factors of ((-56)/(-2) - 6/(-15))*6355/82.
31, 71
Let u = -79 - -81. Suppose 2*h = -u*b + 1286, -2*b - h = -3*b + 639. List the prime factors of b.
641
Let u be 2 + 7 + (-32776)/17. Let p = 3789 + u. List the prime factors of p.
2, 5, 11, 17
Let k(u) = 23*u**2 + 15*u + 3. Let h(q) = q - 1. Let x(y) = -4*h(y) + k(y). What are the prime factors of x(3)?
13, 19
Let n(j) = 3148*j - 1944. What are the prime factors of n(10)?
2, 13, 71
What are the prime factors of (43849/52)/((-20)/(-1040))?
13, 3373
Let h(n) = -2*n**3 + 6*n**2 + 13*n + 54. List the prime factors of h(-18).
2, 3, 373
Suppose -4*n - 10 + 18 = 0. Let z be (15/(-30))/(n/136). Let j = 134 - z. What are the prime factors of j?
2, 3, 7
Let k(a) be the first derivative of 16*a**3/3 - 7*a**2/2 - 58*a - 227. List the prime factors of k(10).
2, 23
Suppose 52*q - 32*q = 25*q - 100390. What are the prime factors of q?
2, 10039
List the prime factors of 126/28*(-4)/(-99) + (-1135095)/(-33).
11, 53, 59
Suppose 1146 = 2*r - 342. Suppose -3*q - r = -6*q. Let z = -51 + q. List the prime factors of z.
197
Let m = -29 - -33. Let i be 26 + (4 - 1 - m). Suppose -h = 5*d - d - i, d - 5 = 0. List the prime factors of h.
5
Let q = -5436 + 3756. What are the prime factors of (-9)/(35/(-42) + (-1388)/q)?
2, 3, 5, 7
Let d be -5 - ((-4)/(-1) - 25). Suppose 5*n + 2*k = 2204, -15*n + d*n - 2*k - 448 = 0. What are the prime factors of n?
2, 13, 17
Suppose -6*i + 1634 = -5*i + 2*q, 5*q - 8180 = -5*i. Suppose 0 = 42*x - 12936 + i. What are the prime factors of x?
269
List the prime factors of ((-1 - -1) + -40)*(-99927)/108.
2, 5, 3701
Let k(i) = -i**3 - 11*i**2 - 7. Let v be k(-11). Let d(l) = l + 27. Let p be d(v). What are the prime factors of (-488)/p*(-15)/6?
61
What are the prime factors of -7 + -3 + (-14 - -10) + 54150?
2, 67, 101
What are the prime factors of 5926 + (17 + -13 - 21)?
19, 311
Suppose -2*i - 12 = -4, 0 = -5*b + 5*i + 745. Let v = 86 + b. List the prime factors of v.
3, 7, 11
Suppose -28847 = -9476*o + 9469*o. What are the prime factors of o?
13, 317
Let u(q) = 887*q - 618. What are the prime factors of u(6)?
2, 3, 7
Suppose -65494 - 91346 = -10*m. What are the prime factors of m/15 - 27/45?
5, 11, 19
Suppose 4*x + 3*v = -803, -5*x + 3*v - 671 - 353 = 0. Let z = x + 321. List the prime factors of z.
2, 59
List the prime factors of ((12875/10)/(-25))/(2/(-316)).
79, 103
Suppose -4*l + 78 = 2*q - 0*q, 0 = 3*q - 4*l - 157. Let i = 46 - q. What are the prime factors of -1 + 1/i - (1 - 59)?
2, 7
Let v(t) be the third derivative of 19*t**6/15 - t**5/30 + t**4/6 - t**3/2 + 9*t**2. Suppose -66*p + 2 = -64*p. What are the prime factors of v(p)?
151
Let r = 79 - 33. Let m = r - 28. Suppose 104 = y + m. List the prime factors of y.
2, 43
Let k(f) = -18*f**2 - 5*f + 22. Let i be k(2). Let g(t) = -6*t**2 - 6*t - 4. Let q be g(-5). Let m = i - q. List the prime factors of m.
2
Let l(y) = 313*y**2 + 14*y - 7. Let g be l(2). Let a = g + -709. List the prime factors of a.
2, 3, 47
Let z(i) = -98*i + 121. Let p(r) = 199*r - 242. Let v(h) = 3*p(h) + 5*z(h). What are the prime factors of v(11)?
2, 3, 11
List the prime factors of 6/4*(1156/(-6))/(-17)*4651.
17, 4651
Suppose -5*f + 5*b = 25 - 150, 5*f - 85 = -5*b. What are the prime factors of (-2338)/f*3*-1?
2, 167
Let u(r) = -3*r**3 + 7*r**2 + 2*r + 1. Let h = 135 - 140. What are the prime factors of u(h)?
541
Let o = 42486 - 28855. List the prime factors of o.
43, 317
Let w(q) = q**3 - q**2 - 132*q + 4. Let m be w(-11). List the prime factors of (951/m)/((-63)/(-84)).
317
What are the prime factors of (333 + -332)/((9/(-3))/(-127455))?
5, 29, 293
Let j(i) = i**2 + 22*i - 88. Let y be j(-20). Let l = -10 - y. What are the prime factors of l?
2, 59
Let d = -9626 + 13075. What are the prime factors of d?
3449
Let m(u) = -u**2 - 1. Let l(i) = -3*i**2 - 20*i - 81. Let d(s) = -l(s) + 2*m(s). Let a be 6/10 - (-4 - (-276)/10). What are the prime factors of d(a)?
2, 37
Suppose 7*p - 12 = p. Suppose p*u - 95 = -13. Let h = -12 + u. What are the prime factors of h?
29
Suppose 5*q - 4*b + 129 - 16 = 0, -3*b = 9. Let j = q + 31. Suppose -4*p - 2*n = -34, 0 = 2*p - 5*n - 53 + j. What are the prime factors of p?
11
Suppose u - 316 = 4*r, -5*u + 2131 = -2*r + 551. Suppose 4*o + l = 505 + 774, -o + u = -l. What are the prime factors of o?
11, 29
Let v(m) = -6*m**2 + 7*m - 42. Let g(f) = 2*f**2 + 2*f + 1. Let k(d) = 4*g(d) + v(d). Let q = -1 - -7. What are the prime factors of k(q)?
2, 31
Let l = 43331 + -16831. List the prime factors of l.
2, 5, 53
Let k = -49 - -55. Let r be ((-102)/(-18) - k)/(1/3). What are the prime factors of ((-124)/(-10))/((r + 3)/20)?
2, 31
Let u(a) = -155*a + 223. List the prime factors of u(-33).
2, 17, 157
Let y(l) = 160*l**2 + l + 18. Let u(x) = -159*x**2 - 20. Let t(a) = 6*u(a) + 7*y(a). Let k be t(-1). Suppose 4*c + k = 657. What are the prime factors of c?
3, 41
List the prime factors of 4450 - (1296/135 + 4/10).
2, 3, 5, 37
Suppose 3*q - 112702 = -w, 1 = -w - 4. List the prime factors of q.
3, 7, 1789
Suppose 85*v - 51807 - 34222 = -25849. What are the prime factors of v?
2, 3, 59
Suppose -3*k + 3*l = -2*k + 157, -k - 3*l - 169 = 0. Let x = 346 + k. Suppose x - 1765 = -7*j. What are the prime factors of j?
2, 113
Suppose -c + 6 = -o, -5*o + 31 + 11 = 3*c. Suppose 0*g = -c*g + 11430. List the prime factors of (-1)/6 + g/60.
3, 7
Suppose 3*m + 15396 = 3*l, -2*l - 4*m + 6988 + 3282 = 0. List the prime factors of l.
3, 29, 59
Suppose 0 = 2*y + a - 20625, 37*y = 41*y - 3*a - 41245. List the prime factors of y.
2, 1289
Let o(w) = 5126 - 5076 + 0*w - w + 3*w. List the prime factors of o(-21).
2
List the prime factors of ((-21593)/(-26))/((-4)/(-56)).
7, 11, 151
Suppose 234*i - 26368 = 226*i. What are the prime factors of i?
2, 103
Suppose -470*n = -395*n - 444600. What are the prime factors of n?
2, 3, 13, 19
Suppose 6*m - 74 + 20 = 0. Let h be (-12362)/2 - (m + -21)/(-3). What are the prime factors of (-1)/(5/2) + h/(-25)?
13, 19
Let r(n) = n**2 + 22*n + 54. Let t be r(-20). Suppose -7099 = t*w - 45*w. List the prime factors of w.
229
Suppose -3*p - 12 = -24. Suppose -8*g + 396 = p*g. List the prime factors of 1332/66 - 6/g.
2, 5
Let f = -14 - -14. Suppose -8*y + 5*x = -3*y - 3005, -x - 2 = f. What are the prime factors of y?
599
Let q(m) = -21*m + 55. Let l be q(8). Let p(o) = -4*o**3 + 3*o**2 + o + 3. Let y be p(4). Let d = l - y. List the prime factors of d.
2, 11
Suppose 4*x + 14*a - 15*a - 113883 = 0, 4*a = x - 28467. List the prime factors of x.
71, 401
Suppose 5*m = 12*m + 350. Let p be 2*m + (1 - -2)*1. Let b = -36 - p. What are the prime factors of b?
61
Suppose -123995 - 82062 = -17*h. Li